ultiple of 108?
False
Does 13 divide 65143?
True
Is 11 a factor of 83226?
True
Does 95 divide 60743?
False
Is 89 a factor of 1286050?
True
Does 41 divide 3072239?
False
Is 8459196 a multiple of 24?
False
Does 70 divide 115221?
False
Is 6654978 a multiple of 171?
True
Is 129 a factor of 13158?
True
Is 461192 a multiple of 31?
False
Is 414 a factor of 1690130?
False
Is 20 a factor of 1920620?
True
Does 40 divide 594679?
False
Is 3390511 a multiple of 241?
False
Is 234755 a multiple of 29?
True
Is 126438 a multiple of 28?
False
Is 424 a factor of 537044?
False
Does 18 divide 50975?
False
Does 9 divide 55836?
True
Is 53242 a multiple of 184?
False
Does 450 divide 410971?
False
Is 45 a factor of 150975?
True
Is 2 a factor of 117511?
False
Is 8 a factor of 80440?
True
Is 331496 a multiple of 4?
True
Is 46 a factor of 831912?
False
Is 964 a factor of 5779180?
True
Is 3144350 a multiple of 12?
False
Is 1901 a factor of 1925713?
True
Is 268 a factor of 153296?
True
Does 46 divide 1704008?
False
Is 7 a factor of 398271?
False
Is 96 a factor of 357561?
False
Is 87 a factor of 102763?
False
Does 2 divide 27361?
False
Does 166 divide 7297360?
True
Does 64 divide 3484928?
True
Does 36 divide 2744172?
True
Does 10 divide 45200?
True
Does 460 divide 7454?
False
Is 96735 a multiple of 41?
False
Is 634 a factor of 1724146?
False
Is 71502 a multiple of 122?
False
Is 689415 a multiple of 95?
True
Is 2959544 a multiple of 8?
True
Is 3544319 a multiple of 30?
False
Does 102 divide 263466?
True
Is 7128128 a multiple of 2363?
False
Is 16456128 a multiple of 712?
False
Is 3462480 a multiple of 2061?
True
Is 28 a factor of 6539120?
True
Does 39 divide 74804?
False
Does 88 divide 190395?
False
Does 107 divide 256270?
False
Is 9 a factor of 598490?
False
Is 8337843 a multiple of 27?
True
Is 97 a factor of 59364?
True
Does 7 divide 53019?
False
Is 4 a factor of 289042?
False
Is 2 a factor of 100968?
True
Does 250 divide 6263749?
False
Is 38 a factor of 79154?
True
Does 23 divide 13932?
False
Is 2756754 a multiple of 299?
False
Does 508 divide 371751?
False
Does 104 divide 109839?
False
Is 1206533 a multiple of 318?
False
Does 142 divide 1703148?
True
Does 180 divide 276558?
False
Is 1257886 a multiple of 27?
False
Is 519883 a multiple of 7?
True
Does 9 divide 971291?
False
Is 156 a factor of 98488?
False
Is 116 a factor of 2605719?
False
Is 808 a factor of 25380088?
True
Does 19 divide 22104?
False
Does 70 divide 148260?
True
Does 8 divide 83232?
True
Is 171 a factor of 520524?
True
Is 275549 a multiple of 40?
False
Is 1317645 a multiple of 63?
True
Does 10 divide 5070973?
False
Is 5582188 a multiple of 55?
False
Is 264366 a multiple of 12?
False
Is 45 a factor of 795714?
False
Is 10348546 a multiple of 242?
False
Is 268330 a multiple of 206?
False
Is 1578472 a multiple of 142?
True
Is 2321440 a multiple of 880?
True
Is 46 a factor of 6631222?
True
Is 18 a factor of 1107612?
True
Does 262 divide 11304723?
False
Is 7084276 a multiple of 432?
False
Is 913948 a multiple of 14?
True
Is 36 a factor of 4695063?
False
Is 10952 a multiple of 2?
True
Is 76277 a multiple of 18?
False
Does 7 divide 75684?
True
Is 281 a factor of 3708919?
True
Is 96820 a multiple of 35?
False
Does 128 divide 105235?
False
Does 463 divide 333823?
True
Does 413 divide 13860879?
False
Is 4926194 a multiple of 57?
False
Is 30943 a multiple of 11?
True
Is 320 a factor of 497259?
False
Is 11952 a multiple of 16?
True
Is 32 a factor of 858309?
False
Is 7 a factor of 174762?
True
Is 56149 a multiple of 37?
False
Is 3 a factor of 40862?
False
Is 19 a factor of 129732?
True
Does 6 divide 708610?
False
Is 14 a factor of 2288902?
True
Is 6768980 a multiple of 32?
False
Is 9 a factor of 23121?
True
Is 20 a factor of 3878333?
False
Does 723 divide 5413824?
True
Is 589950 a multiple of 225?
True
Does 25 divide 1325700?
True
Is 49705 a multiple of 8?
False
Is 47 a factor of 489698?
False
Is 951 a factor of 1245225?
False
Is 10598989 a multiple of 31?
False
Is 52135 a multiple of 74?
False
Does 60 divide 1945740?
True
Is 621 a factor of 438856?
False
Is 1221 a factor of 5463975?
True
Is 8 a factor of 592192?
True
Is 4005995 a multiple of 19?
False
Does 121 divide 192506?
False
Is 1489390 a multiple of 35?
True
Is 331 a factor of 3969352?
True
Is 528735 a multiple of 349?
True
Is 249815 a multiple of 56?
False
Is 64 a factor of 227392?
True
Is 51418 a multiple of 60?
False
Does 238 divide 26658?
False
Is 22 a factor of 1596408?
True
Is 11 a factor of 586014?
True
Does 29 divide 2444090?
False
Does 81 divide 262812?
False
Does 282 divide 2397445?
False
Does 15 divide 49103?
False
Is 25 a factor of 6650?
True
Is 698 a factor of 3250586?
True
Is 266 a factor of 176358?
True
Is 32235 a multiple of 7?
True
Is 377 a factor of 72761?
True
Is 1156980 a multiple of 30?
True
Does 19 divide 2319919?
True
Is 812 a factor of 7254096?
False
Does 74 divide 22649846?
True
Does 116 divide 10288040?
True
Is 20916606 a multiple of 1992?
False
Does 142 divide 5225735?
False
Is 884 a factor of 8072688?
True
Is 14 a factor of 86142?
True
Does 231 divide 577902?
False
Does 15 divide 703673?
False
Is 144 a factor of 4683437?
False
Is 837504 a multiple of 1454?
True
Is 40 a factor of 7541000?
True
Is 126 a factor of 199332?
True
Does 33 divide 898953?
True
Does 71 divide 154586?
False
Is 156 a factor of 16224?
True
Is 16 a factor of 124592?
True
Is 1437385 a multiple of 15?
False
Is 223 a factor of 735263?
False
Is 4939989 a multiple of 85?
False
Does 1407 divide 4212558?
True
Is 10 a factor of 14650?
True
Is 5380454 a multiple of 106?
True
Is 10 a factor of 1276540?
True
Is 7242 a multiple of 17?
True
Does 92 divide 863512?
True
Is 205194 a multiple of 48?
False
Is 17 a factor of 108893?
False
Is 9 a factor of 302589?
True
Is 5 a factor of 140025?
True
Is 4 a factor of 5805?
False
Is 227 a factor of 186594?
True
Does 123 divide 241572?
True
Is 1125 a factor of 23691375?
True
Is 94192 a multiple of 29?
True
Is 21546 a multiple of 38?
True
Is 3018106 a multiple of 14?
True
Does 101 divide 130291?
False
Does 331 divide 6729230?
True
Does 66 divide 86036?
False
Is 263319 a multiple of 51?
False
Is 293616 a multiple of 18?
True
Is 6101964 a multiple of 2433?
True
Is 704 a factor of 851136?
True
Does 21 divide 337176?
True
Does 45 divide 106022?
False
Is 73 a factor of 1919535?
True
Is 112705 a multiple of 148?
False
Is 777573 a multiple of 12?
False
Is 184 a factor of 205344?
True
Is 9198000 a multiple of 2000?
True
Is 37 a factor of 1962669?
False
Is 501714 a multiple of 18?
True
Is 1931547 a multiple of 366?
False
Is 2 a factor of 83335?
False
Is 3028708 a multiple of 19?
False
Does 895 divide 3037609?
False
Does 18 divide 390222?
True
Is 15 a factor of 22485?
True
Is 11 a factor of 7515?
False
Is 3109770 a multiple of 109?
True
Is 159 a factor of 370144?
False
Is 852039 a multiple of 81?
True
Is 12 a factor of 202632?
True
Is 35 a factor of 23991?
False
Is 20 a factor of 196157?
False
Does 3 divide 277053?
True
Is 14 a factor of 28770?
True
Is 202 a factor of 18488454?
True
Is 3576939 a multiple of 370?
False
Does 36 divide 8834174?
False
Does 13 divide 1001871?
True
Is 573 a factor of 763236?
True
Does 1103 divide 9339275?
False
Is 1244 a factor of 3936817?
False
Is 9433536 a multiple of 175?
False
Is 28525 a multiple of 74?
False
Is 3081498 a multiple of 917?
False
Is 452 a factor of 594694?
False
Does 183 divide 949221?
True
Is 5028 a multiple of 4?
True
Does 3 divide 3309736?
False
Is 448283 a multiple of 7?
False
Does 416 divide 5030272?
True
Does 49 divide 32536?
True
Is 51000 a multiple of 34?
True
Is 4 a factor of 96872?
True
Is 238158 a multiple of 303?
True
Is 78 a factor of 1707240?
False
Is 30 a factor of 40425?
False
Is 336884 a multiple of 131?
False
Does 1807 divide 29625717?
False
Is 1596118 a multiple of 5?
False
Is 15312 a multiple of 16?
True
Is 451242 a multiple of 18?
True
Does 25 divide 241630?
False
Does 15 divide 94735?
False
Is 6 a factor of 505812?
True
Is 783333 a multiple of 31?
False
Is 14194 a multiple of 302?
True
Does 15 divide 1230824?
False
Is 435610 a multiple of 127?
True
Does 29 divide 7369266?
False
Is 323 a factor of 194728?
False
Does 325 divide 1752816?
False
Is 476 a factor of 237524?
True
Is 575 